Calculate the greatest common divisor of 132 and w.
12
Let w(d) = 4*d - 9. Let r(f) = -f**2 + 6*f - 3. Let o be r(3). Let i be w(o). What is the highest common factor of i and 45?
15
Let g(t) = 10*t + 161. Let a be g(-14). Let o be (-2)/(-5) + 416/10. What is the greatest common factor of o and a?
21
Let g be (-132)/(-21) - (-4)/(-14). Let u be 2/3 - (-704)/g. Let v = u + -73. What is the highest common factor of 18 and v?
9
Suppose 2*z - 6*z + 24 = 0. Let a be ((-80)/z)/4*-3. Calculate the highest common factor of a and 5.
5
Suppose -5*z + 10 = 2*s - 25, -3*s - 5*z = -55. Let k be 6/(-3)*(-2)/2. Suppose 0 = -u - 0*u + k. What is the greatest common factor of u and s?
2
Let p = 37 - 22. Suppose 16*h + 16*h = 480. What is the greatest common factor of h and p?
15
Let m = -79 + 89. Calculate the highest common divisor of m and 20.
10
Let c(a) = a**2 + 3*a + 2. Let n be c(-3). Suppose 5*f - 23 - 57 = -5*t, 3*t + 22 = n*f. What is the greatest common divisor of 2 and f?
2
Suppose 3*d - 113 = 5*r, 3*d = 3*r + 81 + 24. Calculate the highest common divisor of d and 62.
31
Suppose 9*w + 194 = 734. Calculate the greatest common factor of w and 80.
20
Let a be (-212)/(-7) + (1 - (-63)/(-49)). Calculate the highest common divisor of a and 10.
10
Let f = 18 + -13. Suppose 0 = k - f*k + 4. Suppose 0 = 5*g - 15 - 25. Calculate the highest common factor of k and g.
1
Suppose c + 4 = -4*c - 2*h, -2*c + h - 7 = 0. Let y be 6/4*c + 0. Let z(k) = 7*k**2 + k - 4. Let q be z(y). Calculate the highest common factor of 8 and q.
8
Suppose 3*m + 0*m = -3. Let j be ((2 - 2) + -1)/m. Suppose -35 = 5*v - 10*v. Calculate the greatest common divisor of j and v.
1
Suppose 5*a - 12 = 38. Calculate the highest common divisor of 110 and a.
10
Let a = -8 - -13. Suppose 0 = -3*z + a*n + 15, z = 2*z - 2*n - 5. Calculate the highest common factor of z and 5.
5
Let z(i) = 5*i + 8. Let f be z(5). Let y be 6/21 - (-66)/14. Suppose -m + 6 = 4*h, 2*m - y*h - 108 = -2*m. What is the greatest common factor of m and f?
11
Let b be 0*(1 + 1/(-2)). Let r = 12 + -9. Suppose -10 = -2*d, -2*y + r*y + d - 11 = b. What is the greatest common divisor of 24 and y?
6
Let f(t) = -6*t**3 + 2*t**2 + t. Let k be f(-1). Let j be (-2)/5 - (-3786)/15. Suppose -3*w - w = -j. What is the greatest common divisor of k and w?
7
Suppose 0*k - 2*p + 15 = -3*k, -5*p = -k - 18. Let r be (3/1)/((-3)/2). Let g be (-25)/k - r/3. Calculate the highest common factor of g and 9.
9
Let o be (108/15)/(4/50). Let w(i) = -i**2 - 9*i + 4. Let h be w(-7). Calculate the greatest common factor of o and h.
18
Let n be (30/9)/((-4)/(-60)). Calculate the greatest common divisor of n and 10.
10
Let b(k) = -k**2 - 3*k + 4. Let o be b(-4). Let x be -1*(0 - (13 - o)). What is the greatest common factor of x and 13?
13
Let j = 3 - -4. Suppose j*d - 10 = 2*d. Let l = 11 - d. Calculate the greatest common divisor of 81 and l.
9
Let q(w) = 2*w + 5. Let y be q(6). Calculate the greatest common factor of y and 187.
17
Suppose 2*g = -4*x + 82, 5*g - 103 = 2*g - x. What is the greatest common divisor of g and 3?
3
Let o(j) = -2*j**3 - 8*j**2 - 2*j + 6. Let z be o(-5). What is the greatest common divisor of 6 and z?
6
Let h be (-77)/(-4) - (-2)/(-8). Suppose 2 = -0*p + p. Let i be 452/6 - p/(-3). What is the greatest common divisor of h and i?
19
Let g(t) be the third derivative of t**5/30 + 2*t**2. Let y be g(-2). Calculate the highest common factor of y and 16.
8
Suppose 0 = -l - n + 12, 5*l + n = -n + 48. Calculate the greatest common factor of l and 8.
8
Suppose -6*h = 3*h - 1080. What is the greatest common divisor of h and 15?
15
Suppose -2*r + 0*r + 10 = -5*m, 3*m = 0. Calculate the highest common divisor of 5 and r.
5
Suppose -3*u = -0*u - 168. Suppose -w = 3*s - 21, 0 = 2*w - 0*w. Calculate the greatest common divisor of s and u.
7
Let r = 12 - -33. Let t = -3 - -8. Suppose i - t*i = -36. Calculate the highest common divisor of i and r.
9
Let r be 155/55 + (-4)/(-22). What is the greatest common divisor of r and 6?
3
Let h = 7 + -7. Suppose 0 = -k - 2*z + 24, h = -2*z + 6. What is the highest common factor of k and 36?
18
Suppose -3*v + 2*b + 10 = 0, 2*b = -0*b - 10. Suppose v = u + 5*q - 25, -100 = -4*u - 2*q - 2*q. Let y = -16 + u. What is the highest common divisor of 1 and y?
1
Let j = -37 + 67. Let c = -14 + j. Let r = 59 - 19. What is the highest common factor of c and r?
8
Suppose -5*q + 34 = 2*g, 6*g - 3*g + 6 = 2*q. What is the greatest common factor of q and 48?
6
Let u be (-6)/(-9) - (-446)/6. What is the highest common factor of 15 and u?
15
Suppose 3*f + 836 = 7*f. Let z be 4/(8/(-19))*-2. What is the greatest common divisor of f and z?
19
Suppose 4*c = 12, -5*c + 38 + 43 = i. Calculate the greatest common factor of 99 and i.
33
Let c = 4 - 4. Suppose -5*v + 80 - 30 = c. What is the highest common factor of 50 and v?
10
Let t = -5 + 9. Suppose t*l + 0*l = -5*z, 3*l = -z - 11. What is the greatest common divisor of z and 1?
1
Suppose -4*g = -5*x + 12, 3*x - 2*x - 12 = -4*g. Suppose -28 = -5*l + 5*u + 7, -70 = -5*l - 2*u. Calculate the highest common factor of x and l.
4
Let w be 4/10 - (-27)/45. What is the greatest common divisor of 7 and w?
1
Let c = 41 + -26. Calculate the greatest common factor of 15 and c.
15
Let g(r) = -3*r**3 + r**2 + 2*r - 2. Let d be g(2). Let b = -2 - d. Calculate the greatest common factor of b and 64.
16
Let y = -4 + 3. Let f = 1 + y. Let h be 1/(-2)*f + 6. What is the greatest common factor of 6 and h?
6
Suppose -t = 5*y + t - 16, 4*y = 5*t + 26. Let n be 2 - 2/(2 + 0). Calculate the highest common divisor of n and y.
1
Suppose 20 = 5*r, 5*r = -5*q + 3*r + 148. Calculate the greatest common divisor of q and 252.
28
Let z(x) = x**2 + x - 6. Let g be z(-5). Let v = 259 - 155. Let k = -62 + v. Calculate the highest common divisor of g and k.
14
Let u(z) = z**2 - 7*z + 9. Let o be u(6). Let p be 6/9*o - -21. What is the greatest common factor of p and 69?
23
Let o be 0 - (-2)/(2/(-1)). Let d be (-425)/(-10)*(3 + o). Let h = d - 13. Calculate the greatest common factor of 9 and h.
9
Let p = -2 - 5. Let q = -4 - p. What is the highest common factor of 12 and q?
3
Let t be 3 - (-12)/(-3) - -1. Suppose t*h + 2*h = 58. What is the highest common factor of 29 and h?
29
Let o(q) be the second derivative of q**4/2 - q**3/3 + q. Let d be o(-3). Let p be 102/4 + 48/(-32). What is the highest common divisor of p and d?
12
Suppose -32 - 16 = -2*m. What is the greatest common divisor of m and 12?
12
Suppose j + 1 = 9. Suppose j + 0 = c. What is the greatest common divisor of 12 and c?
4
Let u(t) = -t**3 + 4*t**2 + 14*t + 17. Let m be u(5). What is the highest common factor of 31 and m?
31
Let u = -21 + 23. What is the highest common factor of u and 8?
2
Suppose -5*r + 5*b - 175 = 0, 6*b - 37 = r + 3*b. Let o = 36 - r. Suppose 0 + 60 = 6*i. Calculate the greatest common factor of o and i.
10
Suppose -4*p + 17 = -3*x - 588, 0 = -p - x + 160. Calculate the greatest common factor of p and 5.
5
Suppose -a - 27 = -c + 13, c - 24 = -3*a. Let u(q) = -q**3 + q**2 + 12*q + 4. Let g be u(-3). Calculate the greatest common divisor of g and c.
4
Let s be 136*(125/(-20))/(-5). Calculate the highest common factor of s and 10.
10
Suppose -4*x + 5*x - 14 = 0. Suppose -4*u + 295 = -5*d, 4*d + 12 + 0 = 0. What is the highest common factor of u and x?
14
Suppose 0*g = -2*g + 12. Let o(s) = -23*s + 1. Let j be o(2). Let l = -21 - j. Calculate the greatest common divisor of l and g.
6
Suppose 27 = 7*w - 6*w. Calculate the highest common divisor of w and 216.
27
Let s(p) = 8*p**3 - p**2 + 2*p - 1. Let r be s(1). Suppose -r = -0*h + 2*h. Let y be (h + 1)*(0 - 1). Calculate the highest common divisor of 12 and y.
3
Suppose -2*d - 2*d - 44 = -2*c, -95 = -4*c + d. What is the greatest common divisor of c and 264?
24
Let u = -65 - -110. Let z(n) = -n**3 - n**2 + n + 3. Let m be z(0). Suppose m*o - 5 = -3*i + 31, 2*o - 21 = -i. What is the greatest common divisor of u and o?
9
Suppose 0 = 2*o + 1 - 3. Suppose 2*c = -2*g - 2*g + 26, 11 = -c + 4*g. What is the highest common factor of o and c?
1
Suppose 0 = 4*n - 5*z + 36, -2*n + 0*z = 5*z - 12. Let p = n - -6. Suppose 0*v + 42 = p*v. What is the greatest common factor of 3 and v?
3
Le